5 divide 438955?
True
Does 20 divide 78985?
False
Does 8 divide 91717?
False
Is 25 a factor of 120090?
False
Is 113616 a multiple of 35?
False
Does 145 divide 312765?
True
Does 41 divide 7634979?
True
Does 50 divide 329300?
True
Is 405624 a multiple of 142?
False
Is 4 a factor of 178496?
True
Is 260 a factor of 5092557?
False
Is 52437 a multiple of 77?
True
Does 22 divide 5937096?
True
Is 107 a factor of 11809814?
False
Does 619 divide 704678?
False
Is 71 a factor of 246796?
True
Does 54 divide 176580?
True
Does 14 divide 7806617?
False
Is 71 a factor of 2247292?
True
Is 21 a factor of 287975?
False
Does 6 divide 5634?
True
Is 7 a factor of 383866?
True
Is 671 a factor of 11670637?
False
Is 1246160 a multiple of 421?
True
Is 164 a factor of 25773?
False
Does 9 divide 2314?
False
Is 396327 a multiple of 304?
False
Is 277 a factor of 587794?
True
Is 134 a factor of 598846?
True
Is 20 a factor of 4448800?
True
Is 680904 a multiple of 588?
True
Does 19 divide 154812?
True
Is 2518936 a multiple of 217?
True
Is 612 a factor of 4353156?
True
Is 116 a factor of 561849?
False
Is 17 a factor of 338147?
True
Does 40 divide 452220?
False
Is 51 a factor of 35142493?
False
Is 93970 a multiple of 605?
False
Is 12 a factor of 136942?
False
Does 65 divide 361355?
False
Is 14249952 a multiple of 72?
True
Is 20351376 a multiple of 1746?
True
Is 887168 a multiple of 128?
True
Does 416 divide 2073760?
True
Does 916 divide 12071048?
True
Is 306736 a multiple of 27?
False
Is 25 a factor of 1479675?
True
Is 100 a factor of 1495500?
True
Is 13495320 a multiple of 12?
True
Does 122 divide 4762787?
False
Is 450 a factor of 53550?
True
Is 27502 even?
True
Is 355875 a multiple of 325?
True
Is 2289815 a multiple of 155?
True
Does 518 divide 6755238?
True
Does 3 divide 199664?
False
Does 40 divide 289848?
False
Does 162 divide 30633?
False
Is 13 a factor of 1581030?
False
Is 456 a factor of 5519140?
False
Is 698 a factor of 1082029?
False
Does 42 divide 143287?
False
Is 365 a factor of 105485?
True
Does 16 divide 110240?
True
Is 29 a factor of 143479?
False
Is 106 a factor of 215392?
True
Is 9451241 a multiple of 110?
False
Is 5 a factor of 641361?
False
Does 13 divide 4057411?
False
Is 390 a factor of 3408600?
True
Does 726 divide 2138070?
True
Does 44 divide 149820?
True
Is 28 a factor of 4733851?
False
Is 13 a factor of 12467?
True
Is 2211008 a multiple of 708?
False
Is 38454 a multiple of 221?
True
Does 273 divide 4034394?
True
Does 71 divide 2931934?
False
Does 136 divide 12672888?
True
Is 357 a factor of 6055846?
False
Does 18 divide 41094?
True
Does 8 divide 2526606?
False
Does 3 divide 43099?
False
Is 665 a factor of 10877512?
False
Is 238470 a multiple of 3?
True
Does 5 divide 239795?
True
Is 685 a factor of 1500615?
False
Is 150280 a multiple of 13?
True
Does 26 divide 1540650?
False
Does 22 divide 1459909?
False
Does 126 divide 131796?
True
Is 35842 a multiple of 106?
False
Does 465 divide 1100538?
False
Is 703022 a multiple of 347?
True
Is 185310 a multiple of 213?
True
Is 36 a factor of 638496?
True
Does 277 divide 473670?
True
Is 156547 a multiple of 135?
False
Does 17 divide 171496?
True
Is 123 a factor of 373922?
False
Does 24 divide 119701?
False
Is 466 a factor of 6051680?
False
Does 340 divide 8669316?
False
Does 844 divide 5989024?
True
Is 3 a factor of 125671?
False
Does 49 divide 791691?
False
Is 577060 a multiple of 86?
True
Is 25 a factor of 140443?
False
Does 229 divide 264037?
True
Is 1039164 a multiple of 356?
True
Is 117422 a multiple of 42?
False
Is 329 a factor of 70077?
True
Is 2219580 a multiple of 19?
True
Is 106760 a multiple of 149?
False
Is 9 a factor of 104359?
False
Does 7 divide 115396?
False
Is 107412 a multiple of 4?
True
Is 1456852 a multiple of 522?
False
Does 20 divide 2501712?
False
Is 6084 a multiple of 12?
True
Is 135605 a multiple of 15?
False
Is 36 a factor of 284328?
True
Is 178 a factor of 1070922?
False
Does 349 divide 404840?
True
Is 62 a factor of 83576?
True
Does 520 divide 832203?
False
Is 13 a factor of 7085?
True
Is 530260 a multiple of 20?
True
Does 5 divide 6440?
True
Is 13 a factor of 437643?
False
Is 129 a factor of 142648?
False
Is 46 a factor of 501032?
True
Is 3260886 a multiple of 59?
False
Is 41 a factor of 6580582?
True
Is 97 a factor of 3701?
False
Does 5 divide 184125?
True
Does 3 divide 282158?
False
Is 406 a factor of 175565?
False
Is 76 a factor of 826991?
False
Is 694912 a multiple of 140?
False
Is 71 a factor of 210636?
False
Does 4 divide 119932?
True
Does 253 divide 288225?
False
Does 39 divide 1944778?
False
Does 10 divide 76714?
False
Does 29 divide 206741?
True
Is 14421758 a multiple of 245?
False
Does 446 divide 3547473?
False
Does 167 divide 34903?
True
Does 4 divide 106327?
False
Does 45 divide 244?
False
Is 320 a factor of 3120320?
True
Is 52 a factor of 312368?
False
Is 399339 a multiple of 8?
False
Is 65 a factor of 239382?
False
Does 110 divide 218954?
False
Is 43 a factor of 50138?
True
Is 187 a factor of 220676?
False
Is 77 a factor of 4209843?
False
Is 5 a factor of 176826?
False
Does 7 divide 1518335?
True
Does 160 divide 3083412?
False
Is 69520 a multiple of 40?
True
Is 47 a factor of 78407?
False
Is 520 a factor of 4108000?
True
Is 50 a factor of 124450?
True
Is 202 a factor of 71237?
False
Does 15 divide 92194?
False
Is 5004776 a multiple of 1045?
False
Does 65 divide 53690?
True
Is 124 a factor of 292640?
True
Is 112084 a multiple of 4?
True
Is 250 a factor of 20343729?
False
Does 16 divide 25375125?
False
Is 66 a factor of 289984?
False
Is 48800 a multiple of 82?
False
Is 915 a factor of 2128619?
False
Is 512 a factor of 1478644?
False
Is 47288 a multiple of 92?
True
Is 14400399 a multiple of 39?
True
Does 844 divide 5261784?
False
Is 1542177 a multiple of 63?
True
Is 29 a factor of 2789539?
True
Is 10132538 a multiple of 75?
False
Is 80 a factor of 869280?
True
Is 138102 a multiple of 18?
False
Does 3 divide 1679130?
True
Is 89 a factor of 557941?
True
Is 347714 a multiple of 7?
False
Is 11 a factor of 583536?
False
Is 723623 a multiple of 45?
False
Is 144 a factor of 267264?
True
Does 10 divide 3511149?
False
Is 13 a factor of 172367?
True
Does 70 divide 316260?
True
Is 9 a factor of 684558?
True
Is 120 a factor of 82995?
False
Is 527683 a multiple of 3?
False
Does 41 divide 203058?
False
Does 52 divide 4032288?
True
Does 128 divide 5286169?
False
Is 125 a factor of 2144742?
False
Is 323 a factor of 1555245?
True
Does 19 divide 231325?
True
Is 1903 a factor of 6677627?
True
Is 30 a factor of 644160?
True
Is 57 a factor of 743825?
False
Is 2705396 a multiple of 310?
False
Does 9 divide 203022?
True
Is 4765982 a multiple of 112?
False
Does 23 divide 310517?
False
Is 7 a factor of 264999?
True
Is 963000 a multiple of 156?
False
Is 115 a factor of 474210?
False
Is 15230238 a multiple of 635?
False
Does 5 divide 8690?
True
Does 116 divide 15981?
False
Is 238017 a multiple of 13?
True
Does 10 divide 73916?
False
Is 2 a factor of 1426152?
True
Is 5313770 a multiple of 22?
True
Does 2 divide 1730414?
True
Is 8 a factor of 3251260?
False
Is 493241 a multiple of 217?
True
Is 102 a factor of 1810726?
False
Does 304 divide 4158720?
True
Is 26 a factor of 935792?
True
Is 58 a factor of 21750?
True
Is 4768400 a multiple of 390?
False
Does 10 divide 13092?
False
Does 85 divide 89293?
False
Does 57 divide 656756?
False
Does 13 divide 11219?
True
Is 505471 a multiple of 42?
False
Does 807 divide 4709503?
False
Is 189 a factor of 596705?
False
Is 353644 a multiple of 10?
False
Is 127419 a multiple of 17?
False
Is 273298 a multiple of 12?
False
Does 109 divide 511737?
False
Is 3090430 a multiple of 238?
True
Is 2075527 a multiple of 635?
False
Is 111594 a multiple of 6?
True
Is 2074108 a multiple of 153?
False
Does 118 divide 180776?
True
Is 220338 a multiple of 127?
False
Does 15 divide 24975?
True
Is 31 a factor of 5631779?
False
Is 74 a factor of 764568?
True
Is 369258 a multiple of 44?
False
Is 127 a factor of 256032?
True
Is 3 a factor of 1462401?
True
Does 42 divide 1054417?
False
Is 12 a factor of 140088?
True
Does 4 divide 1104768?
True
Does 25 divide 922950?
True
Is 481938 a multiple of 46?
False
Is 4264819 a multiple of 714?
False
Is 296879 a multiple of 6?
False
Does 2 divide 3111